 = -58*w - 4. Let d be g(4). Let u = -124 - d. Suppose 0 = -5*m + m + u. Is 11 a factor of m?
False
Let j = -35 - -79. Suppose j = 4*q - 6*q. Let u = q + 33. Does 4 divide u?
False
Suppose 3*a - 36 - 24 = 0. Let k be (-1)/(4/24) + 4. Let u = k + a. Does 7 divide u?
False
Suppose 2*w - v = -13, -2*w - 23 = 2*w - 5*v. Let g be (-2 - w/3)*9. Suppose -5*j + g*j = -44. Does 11 divide j?
True
Let f = 13 - 9. Let a(w) = 2 + f*w**2 - 3*w**2 + 7 - 5*w. Is 10 a factor of a(6)?
False
Let d be (2 + -1)*45/3. Let l = 57 - d. Does 14 divide l?
True
Let q(b) = b**2 - 6*b + 3. Let j be q(7). Let t = 26 - j. Does 16 divide t?
True
Suppose 0 = -2*s - 3*k - 2, -2*s - 3*s = 5*k + 5. Is (-9 - 1)*s/2 a multiple of 2?
False
Let g(l) = -3*l**3 + 4*l**2 + 6*l + 12. Is 40 a factor of g(-2)?
True
Suppose o + 14 = 5*w - 1, 30 = 5*w - 4*o. Suppose v + s = 3*v - 3, v = w*s - 3. Suppose -3*b - 4*k + 2*k = -19, -v*k + 18 = b. Does 2 divide b?
False
Suppose -3*u - 2*u = -15. Suppose 4*p = -4*a + u*p + 14, 5*a = 2*p + 24. Let d(m) = 4*m - 5. Is 5 a factor of d(a)?
False
Let y be (-198)/(-5) - 4/(-10). Suppose g = -g + y. Is g a multiple of 12?
False
Suppose j + 41 - 126 = 0. Is j a multiple of 17?
True
Let y = -93 - -141. Suppose -z + y = z. Is z a multiple of 12?
True
Let l = -10 + -2. Is (-1)/(1*1/l) a multiple of 6?
True
Let r = 22 + -8. Suppose 2*c + r = 4*g, 3*g + 2*c = 10 + 4. Suppose g*d = 55 - 3. Does 5 divide d?
False
Suppose -1 = 2*l + 3, -4*f = -4*l - 16. Let r = -1 + f. Let s(h) = 12*h**2 - h. Is s(r) a multiple of 6?
False
Suppose -p + 1 = -21. Is p a multiple of 11?
True
Let r = -2 + 2. Suppose r = 3*f - 50 - 4. Does 9 divide f?
True
Is 4 a factor of 64/5 + 6/30?
False
Let s(c) = -c - 4. Let o be s(-6). Suppose -o*j = 2*j. Suppose -3*m + 9 + 24 = j. Is m a multiple of 4?
False
Suppose 5*c = -5*r + 45, -r - 60 = -4*c + r. Let b = 28 + c. Does 12 divide b?
False
Let d be (6 - 4) + 1*26. Let m = d - 15. Does 13 divide m?
True
Does 3 divide (3 + 0 - -7)/2?
False
Let t = 83 - 71. Is 3 a factor of t?
True
Suppose -i + 312 = 2*i. Suppose 5*s - i = 101. Is 24 a factor of s?
False
Suppose 10 - 34 = -4*v. Is v a multiple of 6?
True
Let j(m) = m**2 - 8*m + 3. Let n be j(8). Does 3 divide n/((-3)/(-11)) + -3?
False
Let k = 507 - 322. Is k a multiple of 19?
False
Let x = 370 + -189. Is 12 a factor of x?
False
Suppose j + 12 = 3*j - 4*r, -12 = 4*r. Suppose j = z - 6 - 2. Is 2 a factor of z?
True
Let q(v) = -v**2 + 8*v + 12. Let k be q(9). Suppose -s = k*s. Suppose s = -0*o - o + 17. Is 10 a factor of o?
False
Suppose 0 = -4*y - 0*y + 8. Does 4 divide 23/y - (-2)/4?
True
Suppose -a + 21 = -3*h, a = 3*a - h - 27. Does 2 divide a?
True
Let g(n) = -11*n. Suppose -3*m + 4*m = -4. Is 22 a factor of g(m)?
True
Suppose 4*v + 8 = 2*v. Let o = 8 - v. Does 7 divide o?
False
Is 29 a factor of (-58)/3*(-21)/14?
True
Let j(t) = t**2 + 98. Let i be j(0). Suppose -i = 3*c - 29. Let l = c + 33. Is l a multiple of 10?
True
Let y(z) = 4*z + 16. Does 14 divide y(10)?
True
Let m(s) = s**2 - s - 5. Suppose 0 = 3*w + 4 - 19. Let t be m(w). Does 3 divide t*(-2 - 36/(-15))?
True
Let p(y) = -y**2 - 7*y + 21. Is 13 a factor of p(0)?
False
Let b = -112 - -67. Let l = b - -113. Is 17 a factor of l?
True
Suppose -104*y = -107*y + 132. Is y a multiple of 13?
False
Suppose 0 = -x - 4*n + 45, 4*n + n + 45 = x. Suppose 5*z - 70 = x. Does 22 divide z?
False
Let x = -21 + 29. Suppose 3*d - x = -d. Suppose -3*l + 84 = -2*t, -d*l = -l + 5*t - 11. Is l a multiple of 13?
True
Let f(k) = k**2 - 3*k - 7. Let w be f(6). Let c(g) = 3*g - 7. Does 8 divide c(w)?
False
Let h(q) = -q**2 - 2*q - 1. Let j be h(-1). Suppose -4*o + 8 = -j*o, 3*d - 5*o + 37 = 0. Is d/(-12) - 218/(-8) a multiple of 14?
True
Suppose 4*t = 11 + 277. Does 11 divide t?
False
Let j(b) = 2*b**2 - 15*b + 2. Is j(10) a multiple of 25?
False
Let o(w) = 3*w - 5. Let c be o(9). Suppose 0*f = f. Let u = f + c. Is 11 a factor of u?
True
Suppose 150 = -2*q + 5*q + x, -3*x - 9 = 0. Is 9 a factor of q?
False
Let p = 112 - 50. Is 20 a factor of p?
False
Let v(c) = c - 5. Let u be v(-3). Let p(l) = l**2 + 3*l**2 - 7 - 5*l**2 - 10*l. Does 5 divide p(u)?
False
Let x = 17 + -11. Is x a multiple of 3?
True
Is 39 a factor of 74 + (-4 - (-3 - 5))?
True
Suppose 2*t + 2*t + 42 = 2*r, -4*t - 4*r = 36. Let u = 4 + -6. Let n = u - t. Is 8 a factor of n?
True
Suppose -n - 2 = -4*x, -9 = -x + 5*n + 1. Suppose x = 3*z - 16 - 8. Does 4 divide z?
True
Suppose 0 = 5*k - 2*z - 1, 5*z = 4*k + 1 + 5. Let w = 9 - k. Is 8 a factor of w?
True
Suppose 0 = -4*a + 4, -1130 = -3*q + 5*a - 406. Suppose -6*v + q = -3*v. Does 27 divide v?
True
Suppose -10 = 4*s + c - 6*c, 0 = 4*s + 2*c - 4. Suppose 0 = 2*j - 5*g - 55, s*g = g + 3. Is 10 a factor of j?
True
Suppose m + 10 = -s, s = -8*m + 3*m - 46. Suppose 5*u = -n - 3*n - 75, 4*u = -12. Let j = m - n. Is 6 a factor of j?
True
Suppose 0 = 5*o + 2*a - 882, -2*o + 351 = -0*a - a. Is 41 a factor of o?
False
Suppose -2*r = -14 + 2. Is 2 a factor of r + 0 + (-8)/4?
True
Does 23 divide 630/15 - 4/(-1)?
True
Let r(k) = k - 12. Let q be r(0). Let x = 33 - q. Is 13 a factor of x?
False
Is 380/15 + (-4)/(-6) a multiple of 17?
False
Suppose 0*v + v = 4*x - 53, 2*x = v + 25. Suppose 10*u - 12*u + x = 0. Is u a multiple of 2?
False
Let b = 83 + 95. Is b a multiple of 32?
False
Suppose 4*k + 1 - 21 = 0. Suppose -o + k*o - 240 = 0. Is 16 a factor of o?
False
Suppose 100 = -35*r + 37*r. Does 25 divide r?
True
Let k(i) = 4*i - 3. Is k(7) a multiple of 9?
False
Suppose v - 20 = -o, -2*o - v = 2*o - 86. Is o a multiple of 11?
True
Suppose -8*s = -4*s - 92. Is 13 a factor of s?
False
Suppose 0 = 4*q + y - 594, -2*q - 10*y + 7*y + 302 = 0. Does 22 divide q?
False
Let b(u) = u**2 - 7*u + 6. Let t be b(7). Let p = 13 - t. Suppose -3*q + 4*q = -2*v + 2, -2*q - v + p = 0. Does 4 divide q?
True
Suppose 0 = 5*s + 6*w - 2*w - 23, 4*s = -4*w + 16. Is s a multiple of 3?
False
Let k be 1/1*-1*-19. Let u = k - 6. Is u a multiple of 13?
True
Let k(j) be the second derivative of -j**5/20 + j**4/4 + j**3/3 + j. Does 4 divide k(3)?
False
Suppose 5*m + 2*p = -0 + 8, -3 = m + 5*p. Suppose -2*l - n = -53, 1 = -4*l + m*n + 95. Suppose 2*q - 2*b - l = b, -q + b = -12. Is 11 a factor of q?
True
Let h be (3/2)/((-18)/(-24)). Suppose 12 = -3*g, -h*m + m - 2*g + 5 = 0. Is 13 a factor of m?
True
Suppose 0 = -5*v + 5 - 20. Let q(y) = -y + 2. Is q(v) even?
False
Suppose 2*o + 5 + 5 = 0. Let r = 6 - o. Does 6 divide r?
False
Let u(s) = -s**3 - 3*s**2 + 5*s + 6. Let p be u(-4). Suppose 2 = 2*b - p. Suppose 0 = -4*a + b*j + 3*j + 29, 0 = -a + 4*j - 1. Does 9 divide a?
False
Suppose 4*d = -17 + 73. Is 12 a factor of 4/14 - (-332)/d?
True
Suppose 0 = r - 4*r + 153. Is r a multiple of 3?
True
Suppose 2*r + x + 3*x = -26, -r = 3*x + 11. Let l = r - -25. Does 5 divide l?
False
Let v = 43 + 37. Suppose 10*l + v = 14*l. Is l a multiple of 5?
True
Suppose 0 = g + 4*w + 17, 2*w - 2 = -2*g - 6. Suppose 2*u - 54 = -2*x, -3*x + 0*x + g*u + 87 = 0. Does 26 divide x?
False
Suppose 7*q - 2*q - 100 = 0. Does 11 divide q?
False
Let t = 11 + -8. Suppose k + 124 = 3*b, 4*b + t*k - 174 = -0*b. Does 21 divide b?
True
Suppose -2*s - 5*f = 2*s - 701, 4*s - 666 = 2*f. Does 13 divide s?
True
Let m(a) = -a**3 - 6*a**2 - 9*a - 6. Let q be m(-7). Suppose q = 4*g - 2*l, 2*g + 20 = -3*l + 53. Does 8 divide g?
True
Let o(p) = 75*p**3 - 2*p**2 + p - 1. Is o(1) a multiple of 20?
False
Let t(f) = f**2 - 4*f - 6. Let o be t(5). Let r = o - -4. Suppose 12 = r*z, 2*w - w + 2*z = 20. Is 7 a factor of w?
False
Let i(z) = -z + 5. Let h be i(5). Suppose 2*g = -h*g + 4. Suppose 3*p - u = -5*u + 38, -2*p - g*u = -24. Is 10 a factor of p?
True
Let v(x) = 3*x**2 - 3*x - 1. Let o be v(4). Does 20 divide 1386/o + 4/10?
True
Let o = 12 + -8. Suppose -1 = t - o. Is t/(-2)*(-20)/15 a multiple of 2?
True
Let f be 1 + 2/6*-3. Suppose f = -2*d + d + 30. Is 10 a factor of d?
True
Let k be -1*-1*1*-2. Suppose -2*m = -2*p + 2, -2*p - 2*p + 3*m = 1. Is k/2 - (-21 - p) a multiple of 8?
True
Let b(p) be the second derivative of -p**4/12 + 8*p**3/3 - 4*p**2 - 4*p. Is b(11) a multiple of 18?
False
Does 22 divide ((-33)/(-11))/((-6)/(-44))?
True
Let x = -70 - -23. Let h = 91 + x. Is 11 a factor of h?
True
Let b(y) = -2*y**2 - 5*y - 11. Let z be b(-4)